{"id":276341,"date":"2022-04-12T16:00:46","date_gmt":"2022-04-12T14:00:46","guid":{"rendered":"https:\/\/plumvillage.org\/?post_type=pv_event&#038;p=276341"},"modified":"2022-04-20T10:11:47","modified_gmt":"2022-04-20T08:11:47","slug":"semaine-thematique-vie-monastique-au-hameau-du-bas","status":"publish","type":"pv_event","link":"https:\/\/plumvillage.org\/fr\/event\/retreat\/semaine-thematique-vie-monastique-au-hameau-du-bas","title":{"rendered":"Semaine th\u00e9matique <br\/> \u201cVie monastique\u201d <br\/> au Hameau du Bas"},"content":{"rendered":"\n<p>Vous \u00eates nombreuses \u00e0 nous \u00e9crire via notre site pour nous partager votre souhait d&rsquo;explorer le chemin de la vie monastique. En r\u00e9ponse \u00e0 tous ces messages, les soeurs du Hameau du Bas souhaitent organiser quelques sessions d\u00e9di\u00e9es \u00e0 la th\u00e9matique de la vie monastique de notre tradition pour permettre \u00e0 celles qui le souhaitent de venir vivre une semaine au Village des Pruniers et explorer, regarder ensemble les questions et les aspirations qui sont en vous.  <\/p>\n\n\n\n<p><strong>Pour vous pr\u00e9-inscrire veuillez remplir le formulaire (qui est en Anglais) en <a rel=\"noreferrer noopener\" href=\"https:\/\/docs.google.com\/forms\/d\/e\/1FAIpQLScii21rGG4KJeIruwNRLnWwQxzgsjXPVOUoQ6PrirqfB27jeg\/viewform\" data-type=\"URL\" data-id=\"https:\/\/docs.google.com\/forms\/d\/e\/1FAIpQLScii21rGG4KJeIruwNRLnWwQxzgsjXPVOUoQ6PrirqfB27jeg\/viewform\" target=\"_blank\">cliquant ici<\/a>. <\/strong>Une fois votre fomulaire re\u00e7u nous vous confirmerons votre inscription. <\/p>\n\n\n\n<div class=\"wp-block-group has-fresh-sun-background-color has-background is-layout-flow wp-block-group-is-layout-flow\">\n<p>La priorit\u00e9 pour cette retraite est donn\u00e9e aux jeunes femmes qui se situe dans la tranche d&rsquo;\u00e2ge de notre mouvement des jeunes adultes Wake Up (18-35 ans). Comme nous n&rsquo;avons que 30 places,  nous donnons la priorit\u00e9 aux personnes qui vivent en Europe. Merci de votre compr\u00e9hension et soutien.<\/p>\n<\/div>\n","protected":false},"excerpt":{"rendered":"<p>Les soeurs du Hameau du Bas vous invitent \u00e0 venir pour une semaine d\u00e9di\u00e9e aux questions autour de la vie monastique<\/p>\n","protected":false},"author":1060,"featured_media":265312,"parent":0,"menu_order":0,"template":"","meta":{"_acf_changed":false,"sync_status":"","episode_type":"","audio_file":"","podmotor_file_id":"","podmotor_episode_id":"","castos_file_data":"","cover_image":"","cover_image_id":"","duration":"","filesize":"","filesize_raw":"","date_recorded":"","explicit":"","block":"","itunes_episode_number":"","itunes_title":"","itunes_season_number":"","itunes_episode_type":"","ep_exclude_from_search":false,"footnotes":""},"class_list":["post-276341","pv_event","type-pv_event","status-publish","has-post-thumbnail","hentry"],"acf":[],"pv_custom_fields":{"locations":[""],"status":"EventCustom","custom_status":"","start_date":1652140800,"end_date":1652745600,"registration_open":false,"external_link":"","featured_image":"https:\/\/plumvillage.org\/wp-content\/uploads\/2022\/01\/54-1-480x290.jpeg","is_translated":276348,"post_language":"fr","hidden":false,"event_type":false},"_links":{"self":[{"href":"https:\/\/plumvillage.org\/fr\/wp-json\/wp\/v2\/pv_event\/276341","targetHints":{"allow":["GET"]}}],"collection":[{"href":"https:\/\/plumvillage.org\/fr\/wp-json\/wp\/v2\/pv_event"}],"about":[{"href":"https:\/\/plumvillage.org\/fr\/wp-json\/wp\/v2\/types\/pv_event"}],"author":[{"embeddable":true,"href":"https:\/\/plumvillage.org\/fr\/wp-json\/wp\/v2\/users\/1060"}],"version-history":[{"count":0,"href":"https:\/\/plumvillage.org\/fr\/wp-json\/wp\/v2\/pv_event\/276341\/revisions"}],"wp:featuredmedia":[{"embeddable":true,"href":"https:\/\/plumvillage.org\/fr\/wp-json\/wp\/v2\/media\/265312"}],"wp:attachment":[{"href":"https:\/\/plumvillage.org\/fr\/wp-json\/wp\/v2\/media?parent=276341"}],"curies":[{"name":"wp","href":"https:\/\/api.w.org\/{rel}","templated":true}]}}

Semaine thématique <br/> “Vie monastique” <br/> au Hameau du Bas

<p>Vous êtes nombreuses à nous écrire via notre site pour nous partager votre souhait d&rsquo;explorer le chemin de la vie monastique. En réponse à tous ces messages, les soeurs du Hameau du Bas souhaitent organiser quelques sessions dédiées à la thématique de la vie monastique de notre tradition pour permettre à celles qui le souhaitent de venir vivre une semaine au Village des Pruniers et explorer, regarder ensemble les questions et les aspirations qui sont en vous.  </p>



<p><strong>Pour vous pré-inscrire veuillez remplir le formulaire (qui est en Anglais) en <a rel="noreferrer noopener" href="https://docs.google.com/forms/d/e/1FAIpQLScii21rGG4KJeIruwNRLnWwQxzgsjXPVOUoQ6PrirqfB27jeg/viewform" data-type="URL" data-id="https://docs.google.com/forms/d/e/1FAIpQLScii21rGG4KJeIruwNRLnWwQxzgsjXPVOUoQ6PrirqfB27jeg/viewform" target="_blank">cliquant ici</a>. </strong>Une fois votre fomulaire reçu nous vous confirmerons votre inscription. </p>



<div class="wp-block-group has-fresh-sun-background-color has-background is-layout-flow wp-block-group-is-layout-flow">
<p>La priorité pour cette retraite est donnée aux jeunes femmes qui se situe dans la tranche d&rsquo;âge de notre mouvement des jeunes adultes Wake Up (18-35 ans). Comme nous n&rsquo;avons que 30 places,  nous donnons la priorité aux personnes qui vivent en Europe. Merci de votre compréhension et soutien.</p>
</div>

<p>Les soeurs du Hameau du Bas vous invitent à venir pour une semaine dédiée aux questions autour de la vie monastique</p>
