{"id":277776,"date":"2022-04-15T10:22:00","date_gmt":"2022-04-15T08:22:00","guid":{"rendered":"https:\/\/plumvillage.org\/retreats\/info\/summer-opening-retreat-2022\/"},"modified":"2022-07-15T09:39:56","modified_gmt":"2022-07-15T07:39:56","slug":"summer-opening-retreat-2022","status":"publish","type":"pv_event","link":"https:\/\/plumvillage.org\/fr\/event\/retreat\/summer-opening-retreat-2022","title":{"rendered":"Retraite d&rsquo;\u00e9t\u00e9"},"content":{"rendered":"\n<p>Cet \u00e9t\u00e9, nous sommes heureux d&rsquo;ouvrir \u00e0 nouveau nos portes aux familles avec enfants et adolescents ainsi qu&rsquo;aux pratiquants seuls qui souhaitent se joindre \u00e0 nous pour une saison festive de vie en pleine conscience. C&rsquo;est le moment de se nourrir d&rsquo;enseignements profonds et accessibles, de la paix et de la splendeur de la campagne estivale et de la joie de la communaut\u00e9.<\/p>\n\n\n\n<p>Les enseignements et les pratiques sont destin\u00e9s aux publics de tout \u00e2ge, avec des <a href=\"#programme\">programmes adapt\u00e9s<\/a> pour les enfants et les adolescents.<\/p>\n\n\n\n<div class=\"wp-block-group has-sun-background-color has-background is-layout-flow wp-block-group-is-layout-flow\">\n<p class=\"has-text-align-center\"><strong>MISE \u00c0 JOUR :  La retraite d&rsquo;\u00e9t\u00e9 est maintenant compl\u00e8te.<\/strong><\/p>\n<\/div>\n\n\n\n<figure class=\"wp-block-image size-full is-style-default\"><img loading=\"lazy\" decoding=\"async\" width=\"704\" height=\"303\" src=\"https:\/\/plumvillage.org\/wp-content\/uploads\/2014\/11\/kids-summer-upper-hamlet.jpg\" alt=\"\" class=\"wp-image-29339\" srcset=\"https:\/\/plumvillage.org\/wp-content\/uploads\/2014\/11\/kids-summer-upper-hamlet.jpg 704w, https:\/\/plumvillage.org\/wp-content\/uploads\/2014\/11\/kids-summer-upper-hamlet-499x215.jpg 499w, https:\/\/plumvillage.org\/wp-content\/uploads\/2014\/11\/kids-summer-upper-hamlet-300x129.jpg 300w, https:\/\/plumvillage.org\/wp-content\/uploads\/2014\/11\/kids-summer-upper-hamlet-100x43.jpg 100w, https:\/\/plumvillage.org\/wp-content\/uploads\/2014\/11\/kids-summer-upper-hamlet-150x64.jpg 150w, https:\/\/plumvillage.org\/wp-content\/uploads\/2014\/11\/kids-summer-upper-hamlet-200x86.jpg 200w, https:\/\/plumvillage.org\/wp-content\/uploads\/2014\/11\/kids-summer-upper-hamlet-450x193.jpg 450w, https:\/\/plumvillage.org\/wp-content\/uploads\/2014\/11\/kids-summer-upper-hamlet-600x258.jpg 600w\" sizes=\"auto, (max-width: 704px) 100vw, 704px\" \/><\/figure>\n\n\n\n<hr class=\"wp-block-separator is-style-wide\" id=\"programme\"\/>\n\n\n\n<h2 class=\"wp-block-heading\">Informations sur les programmes pour les jeunes<\/h2>\n\n\n\n<h4 class=\"wp-block-heading\">Programme enfants<\/h4>\n\n\n\n<ul class=\"wp-block-list\"><li>Programme des enfants francophones &#8211; Hameau du Haut<\/li><li>Programme des enfants italiens (1\u00e8re semaine uniquement) &#8211; Hameau du Haut<\/li><li>Programme des enfants espagnols (2\u00e8me semaine uniquement) &#8211; Hameau du Haut<\/li><li>Programme des enfants anglophones &#8211; Hameau du Bas<\/li><li>Programme des enfants allemands (1\u00e8re semaine uniquement) &#8211; Hameau Nouveau<\/li><li>Programme des enfants n\u00e9erlandais (2\u00e8me semaine uniquement) &#8211; Hameau Nouveau<\/li><\/ul>\n\n\n\n<h4 class=\"wp-block-heading\">Programme adolescents<\/h4>\n\n\n\n<ul class=\"wp-block-list\"><li>Programme pour les adolescents (Anglais et Fran\u00e7ais) &#8211; Hameau du Haut<\/li><li>Programme pour les adolescentes (Anglais et Fran\u00e7ais) &#8211; Hameau Nouveau<\/li><\/ul>\n\n\n\n<hr class=\"wp-block-separator has-css-opacity is-style-wide\"\/>\n\n\n\n<h2 class=\"wp-block-heading\">Assurer la s\u00e9curit\u00e9 de nos invit\u00e9s et de notre communaut\u00e9<\/h2>\n\n\n\n<p>Nous continuons \u00e0 \u00eatre conscients de la situation avec Covid-19 et avons mis en place un certain nombre de mesures pour assurer la s\u00e9curit\u00e9 de tous.<\/p>\n\n\n\n<p class=\"has-fresh-earth-background-color has-background\">Veuillez lire notre&nbsp;<a rel=\"noreferrer noopener\" href=\"https:\/\/plumvillage.org\/fr\/retraites\/protocole-de-sante\/\" target=\"_blank\">protocole de sant\u00e9<\/a>&nbsp;avant de vous inscrire.<\/p>\n\n\n\n<hr class=\"wp-block-separator has-css-opacity is-style-wide\"\/>\n\n\n\n<h2 class=\"wp-block-heading\">Inscription<\/h2>\n\n\n\n<p>Afin de permettre \u00e0 un maximum de familles de profiter d&rsquo;un \u00e9t\u00e9 de pratique au Village des Pruniers, nous ne pouvons accepter que des r\u00e9servations d&rsquo;une semaine, du 15 au 22 juillet ou du 22 au 29 juillet.<\/p>\n\n\n\n<p>Vous pouvez en savoir plus sur <a href=\"https:\/\/plumvillage.org\/fr\/retraites\/retraites-au-village-des-pruniers\/hamlet\/\" data-type=\"URL\" data-id=\"https:\/\/plumvillage.org\/fr\/retraites\/retraites-au-village-des-pruniers\/hamlet\/\" target=\"_blank\" rel=\"noreferrer noopener\">les diff\u00e9rents hameaux ici<\/a>.<\/p>\n\n\n\n<p><\/p>\n\n\n\n<hr class=\"wp-block-separator has-css-opacity is-style-wide\"\/>\n\n\n\n<hr class=\"wp-block-separator has-css-opacity is-style-wide\"\/>\n\n\n\n<h2 class=\"wp-block-heading\"><strong>Autres informations <\/strong><br>\u00e0 propos des retraites au Village des Pruniers<\/h2>\n\n\n\n<p>Vous pouvez trouver de plus amples informations sur les retraites au Village des Pruniers sur&nbsp;<a href=\"https:\/\/plumvillage.org\/fr\/retraites\/retraites-au-village-des-pruniers\/\" target=\"_blank\" rel=\"noreferrer noopener\">cette page<\/a>.<\/p>\n\n\n\n<p>Pour les aspects pratiques tels que le transport, l\u2019arriv\u00e9e et le d\u00e9part, ce qu\u2019il faut apporter et ce qu\u2019il faut porter, veuillez consulter&nbsp;<a href=\"https:\/\/plumvillage.org\/fr\/retraites\/retraites-au-village-des-pruniers\/practicalities\/\" target=\"_blank\" rel=\"noreferrer noopener\">notre page sur les aspects pratiques.<\/a><\/p>\n","protected":false},"excerpt":{"rendered":"<p>Cet \u00e9t\u00e9, nous sommes heureux d&rsquo;ouvrir \u00e0 nouveau nos portes aux familles avec enfants et adolescents ainsi qu&rsquo;aux pratiquants seuls qui souhaitent se joindre \u00e0 nous pour une saison festive de vie en pleine conscience. C&rsquo;est le moment de se nourrir d&rsquo;enseignements profonds et accessibles, de la paix et de la splendeur de la campagne<\/p>\n","protected":false},"author":1142,"featured_media":276561,"parent":0,"menu_order":0,"template":"","meta":{"_acf_changed":false,"sync_status":"","episode_type":"","audio_file":"","podmotor_file_id":"","podmotor_episode_id":"","castos_file_data":"","cover_image":"","cover_image_id":"","duration":"","filesize":"","filesize_raw":"","date_recorded":"","explicit":"","block":"","itunes_episode_number":"","itunes_title":"","itunes_season_number":"","itunes_episode_type":"","ep_exclude_from_search":false,"footnotes":""},"class_list":["post-277776","pv_event","type-pv_event","status-publish","has-post-thumbnail","hentry"],"acf":[],"pv_custom_fields":{"locations":[""],"status":"EventCustom","custom_status":"","start_date":1657843200,"end_date":1659052800,"registration_open":false,"external_link":"","featured_image":"https:\/\/plumvillage.org\/wp-content\/uploads\/2019\/12\/DSC02552-480x290.jpg","is_translated":141841,"post_language":"fr","hidden":false,"event_type":false},"_links":{"self":[{"href":"https:\/\/plumvillage.org\/fr\/wp-json\/wp\/v2\/pv_event\/277776","targetHints":{"allow":["GET"]}}],"collection":[{"href":"https:\/\/plumvillage.org\/fr\/wp-json\/wp\/v2\/pv_event"}],"about":[{"href":"https:\/\/plumvillage.org\/fr\/wp-json\/wp\/v2\/types\/pv_event"}],"author":[{"embeddable":true,"href":"https:\/\/plumvillage.org\/fr\/wp-json\/wp\/v2\/users\/1142"}],"version-history":[{"count":0,"href":"https:\/\/plumvillage.org\/fr\/wp-json\/wp\/v2\/pv_event\/277776\/revisions"}],"wp:featuredmedia":[{"embeddable":true,"href":"https:\/\/plumvillage.org\/fr\/wp-json\/wp\/v2\/media\/276561"}],"wp:attachment":[{"href":"https:\/\/plumvillage.org\/fr\/wp-json\/wp\/v2\/media?parent=277776"}],"curies":[{"name":"wp","href":"https:\/\/api.w.org\/{rel}","templated":true}]}}

Retraite d&rsquo;été

<p>Cet été, nous sommes heureux d&rsquo;ouvrir à nouveau nos portes aux familles avec enfants et adolescents ainsi qu&rsquo;aux pratiquants seuls qui souhaitent se joindre à nous pour une saison festive de vie en pleine conscience. C&rsquo;est le moment de se nourrir d&rsquo;enseignements profonds et accessibles, de la paix et de la splendeur de la campagne estivale et de la joie de la communauté.</p>



<p>Les enseignements et les pratiques sont destinés aux publics de tout âge, avec des <a href="#programme">programmes adaptés</a> pour les enfants et les adolescents.</p>



<div class="wp-block-group has-sun-background-color has-background is-layout-flow wp-block-group-is-layout-flow">
<p class="has-text-align-center"><strong>MISE À JOUR :  La retraite d&rsquo;été est maintenant complète.</strong></p>
</div>



<figure class="wp-block-image size-full is-style-default"><img loading="lazy" decoding="async" width="704" height="303" src="https://plumvillage.org/wp-content/uploads/2014/11/kids-summer-upper-hamlet.jpg" alt="" class="wp-image-29339" srcset="https://plumvillage.org/wp-content/uploads/2014/11/kids-summer-upper-hamlet.jpg 704w, https://plumvillage.org/wp-content/uploads/2014/11/kids-summer-upper-hamlet-499x215.jpg 499w, https://plumvillage.org/wp-content/uploads/2014/11/kids-summer-upper-hamlet-300x129.jpg 300w, https://plumvillage.org/wp-content/uploads/2014/11/kids-summer-upper-hamlet-100x43.jpg 100w, https://plumvillage.org/wp-content/uploads/2014/11/kids-summer-upper-hamlet-150x64.jpg 150w, https://plumvillage.org/wp-content/uploads/2014/11/kids-summer-upper-hamlet-200x86.jpg 200w, https://plumvillage.org/wp-content/uploads/2014/11/kids-summer-upper-hamlet-450x193.jpg 450w, https://plumvillage.org/wp-content/uploads/2014/11/kids-summer-upper-hamlet-600x258.jpg 600w" sizes="auto, (max-width: 704px) 100vw, 704px" /></figure>



<hr class="wp-block-separator is-style-wide" id="programme"/>



<h2 class="wp-block-heading">Informations sur les programmes pour les jeunes</h2>



<h4 class="wp-block-heading">Programme enfants</h4>



<ul class="wp-block-list"><li>Programme des enfants francophones &#8211; Hameau du Haut</li><li>Programme des enfants italiens (1ère semaine uniquement) &#8211; Hameau du Haut</li><li>Programme des enfants espagnols (2ème semaine uniquement) &#8211; Hameau du Haut</li><li>Programme des enfants anglophones &#8211; Hameau du Bas</li><li>Programme des enfants allemands (1ère semaine uniquement) &#8211; Hameau Nouveau</li><li>Programme des enfants néerlandais (2ème semaine uniquement) &#8211; Hameau Nouveau</li></ul>



<h4 class="wp-block-heading">Programme adolescents</h4>



<ul class="wp-block-list"><li>Programme pour les adolescents (Anglais et Français) &#8211; Hameau du Haut</li><li>Programme pour les adolescentes (Anglais et Français) &#8211; Hameau Nouveau</li></ul>



<hr class="wp-block-separator has-css-opacity is-style-wide"/>



<h2 class="wp-block-heading">Assurer la sécurité de nos invités et de notre communauté</h2>



<p>Nous continuons à être conscients de la situation avec Covid-19 et avons mis en place un certain nombre de mesures pour assurer la sécurité de tous.</p>



<p class="has-fresh-earth-background-color has-background">Veuillez lire notre&nbsp;<a rel="noreferrer noopener" href="https://plumvillage.org/fr/retraites/protocole-de-sante/" target="_blank">protocole de santé</a>&nbsp;avant de vous inscrire.</p>



<hr class="wp-block-separator has-css-opacity is-style-wide"/>



<h2 class="wp-block-heading">Inscription</h2>



<p>Afin de permettre à un maximum de familles de profiter d&rsquo;un été de pratique au Village des Pruniers, nous ne pouvons accepter que des réservations d&rsquo;une semaine, du 15 au 22 juillet ou du 22 au 29 juillet.</p>



<p>Vous pouvez en savoir plus sur <a href="https://plumvillage.org/fr/retraites/retraites-au-village-des-pruniers/hamlet/" data-type="URL" data-id="https://plumvillage.org/fr/retraites/retraites-au-village-des-pruniers/hamlet/" target="_blank" rel="noreferrer noopener">les différents hameaux ici</a>.</p>



<p></p>



<hr class="wp-block-separator has-css-opacity is-style-wide"/>



<hr class="wp-block-separator has-css-opacity is-style-wide"/>



<h2 class="wp-block-heading"><strong>Autres informations </strong><br>à propos des retraites au Village des Pruniers</h2>



<p>Vous pouvez trouver de plus amples informations sur les retraites au Village des Pruniers sur&nbsp;<a href="https://plumvillage.org/fr/retraites/retraites-au-village-des-pruniers/" target="_blank" rel="noreferrer noopener">cette page</a>.</p>



<p>Pour les aspects pratiques tels que le transport, l’arrivée et le départ, ce qu’il faut apporter et ce qu’il faut porter, veuillez consulter&nbsp;<a href="https://plumvillage.org/fr/retraites/retraites-au-village-des-pruniers/practicalities/" target="_blank" rel="noreferrer noopener">notre page sur les aspects pratiques.</a></p>

<p>Cet été, nous sommes heureux d&rsquo;ouvrir à nouveau nos portes aux familles avec enfants et adolescents ainsi qu&rsquo;aux pratiquants seuls qui souhaitent se joindre à nous pour une saison festive de vie en pleine conscience. C&rsquo;est le moment de se nourrir d&rsquo;enseignements profonds et accessibles, de la paix et de la splendeur de la campagne</p>
