{"id":428805,"date":"2024-01-12T20:25:33","date_gmt":"2024-01-12T19:25:33","guid":{"rendered":"https:\/\/plumvillage.org\/?post_type=pv_event&#038;p=428805"},"modified":"2024-01-18T08:50:10","modified_gmt":"2024-01-18T07:50:10","slug":"volontariat-nourrir-nos-racines","status":"publish","type":"pv_event","link":"https:\/\/plumvillage.org\/fr\/event\/benevolat-2\/volontariat-nourrir-nos-racines","title":{"rendered":"B\u00e9n\u00e9volat &#8211; Nourrir nos racines"},"content":{"rendered":"\n<h3 class=\"wp-block-heading has-text-align-center\">Une retraite pour les jeunes Asiatiques occidentaux<\/h3>\n\n\n\n<p>\u00cates-vous un(e) jeune asiatique qui est n\u00e9(e), a grandi ou s&rsquo;est enracin\u00e9(e) en Occident ? Vous avez pratiqu\u00e9 la tradition du Village des Pruniers et souhaitez offrir le fruit de votre pratique en tant que b\u00e9n\u00e9vole lors de la retraite <strong>\u201cNourrir nos racines\u201d<\/strong> ?<\/p>\n\n\n\n<p><mark style=\"background-color:rgba(0, 0, 0, 0)\" class=\"has-inline-color has-earth-color\">**Il est n\u00e9cessaire pour les volontaires d\u2019\u00eatre capable de parler suffisamment bien l\u2019anglais pour pouvoir communiquer avec les autres.<\/mark><\/p>\n\n\n\n<div class=\"wp-block-buttons is-layout-flex wp-block-buttons-is-layout-flex\">\n<div class=\"wp-block-button\"><a class=\"wp-block-button__link wp-element-button\" href=\"https:\/\/plumvillage.org\/retreats\/info\/volunteering-nourishing-our-roots\">Informations et inscriptions (en anglais)<\/a><\/div>\n<\/div>\n","protected":false},"excerpt":{"rendered":"<p>Une invitation aux jeunes asiatiques occidentaux, pratiquant(e)s exp\u00e9riment\u00e9(e)s, \u00e0 venir soutenir la retraite en tant que b\u00e9n\u00e9voles.<\/p>\n","protected":false},"author":2665,"featured_media":427148,"parent":0,"menu_order":0,"template":"","meta":{"_acf_changed":false,"sync_status":"","episode_type":"","audio_file":"","podmotor_file_id":"","podmotor_episode_id":"","castos_file_data":"","cover_image":"","cover_image_id":"","duration":"","filesize":"","filesize_raw":"","date_recorded":"","explicit":"","block":"","itunes_episode_number":"","itunes_title":"","itunes_season_number":"","itunes_episode_type":"","ep_exclude_from_search":false,"footnotes":""},"class_list":["post-428805","pv_event","type-pv_event","status-publish","has-post-thumbnail","hentry"],"acf":[],"pv_custom_fields":{"locations":["","Hameau du Bas"],"status":"EventScheduled","custom_status":"","start_date":1714262400,"end_date":1715472000,"registration_open":1705000922,"external_link":"","featured_image":"https:\/\/plumvillage.org\/wp-content\/uploads\/2024\/01\/5.-The-Tree-1619112138.19-v.2-480x290.jpeg","is_translated":427132,"post_language":"fr","hidden":false,"event_type":4193},"_links":{"self":[{"href":"https:\/\/plumvillage.org\/fr\/wp-json\/wp\/v2\/pv_event\/428805","targetHints":{"allow":["GET"]}}],"collection":[{"href":"https:\/\/plumvillage.org\/fr\/wp-json\/wp\/v2\/pv_event"}],"about":[{"href":"https:\/\/plumvillage.org\/fr\/wp-json\/wp\/v2\/types\/pv_event"}],"author":[{"embeddable":true,"href":"https:\/\/plumvillage.org\/fr\/wp-json\/wp\/v2\/users\/2665"}],"version-history":[{"count":5,"href":"https:\/\/plumvillage.org\/fr\/wp-json\/wp\/v2\/pv_event\/428805\/revisions"}],"predecessor-version":[{"id":429777,"href":"https:\/\/plumvillage.org\/fr\/wp-json\/wp\/v2\/pv_event\/428805\/revisions\/429777"}],"wp:featuredmedia":[{"embeddable":true,"href":"https:\/\/plumvillage.org\/fr\/wp-json\/wp\/v2\/media\/427148"}],"wp:attachment":[{"href":"https:\/\/plumvillage.org\/fr\/wp-json\/wp\/v2\/media?parent=428805"}],"curies":[{"name":"wp","href":"https:\/\/api.w.org\/{rel}","templated":true}]}}

Bénévolat &#8211; Nourrir nos racines

<h3 class="wp-block-heading has-text-align-center">Une retraite pour les jeunes Asiatiques occidentaux</h3>



<p>Êtes-vous un(e) jeune asiatique qui est né(e), a grandi ou s&rsquo;est enraciné(e) en Occident ? Vous avez pratiqué la tradition du Village des Pruniers et souhaitez offrir le fruit de votre pratique en tant que bénévole lors de la retraite <strong>“Nourrir nos racines”</strong> ?</p>



<p><mark style="background-color:rgba(0, 0, 0, 0)" class="has-inline-color has-earth-color">**Il est nécessaire pour les volontaires d’être capable de parler suffisamment bien l’anglais pour pouvoir communiquer avec les autres.</mark></p>



<div class="wp-block-buttons is-layout-flex wp-block-buttons-is-layout-flex">
<div class="wp-block-button"><a class="wp-block-button__link wp-element-button" href="https://plumvillage.org/retreats/info/volunteering-nourishing-our-roots">Informations et inscriptions (en anglais)</a></div>
</div>

<p>Une invitation aux jeunes asiatiques occidentaux, pratiquant(e)s expérimenté(e)s, à venir soutenir la retraite en tant que bénévoles.</p>
