{"id":482202,"date":"2024-12-14T19:10:27","date_gmt":"2024-12-14T18:10:27","guid":{"rendered":"https:\/\/plumvillage.org\/?post_type=pv_event&#038;p=482202"},"modified":"2025-03-11T11:12:58","modified_gmt":"2025-03-11T10:12:58","slug":"deuil-et-perte-retraite-a-theme","status":"publish","type":"pv_event","link":"https:\/\/plumvillage.org\/fr\/event\/retraite-en-presentiel\/deuil-et-perte-retraite-a-theme","title":{"rendered":"Deuil et Perte"},"content":{"rendered":"\n<p>Quand nous traversons un deuil profond ou une perte, la souffrance peut sembler \u00e9crasante. Dans ces moments, nous avons besoin de personnes bienveillantes qui nous offrent leur pr\u00e9sence et leur compassion \u2013 mais il est tout aussi essentiel d&rsquo;apprendre \u00e0 nous \u00e9couter profond\u00e9ment.<\/p>\n\n\n\n<p>Ensemble, nous explorerons des pratiques qui favorisent la gu\u00e9rison et la transformation. La marche m\u00e9ditative et les moments pass\u00e9s dans la nature nous aideront \u00e0 nous reconnecter \u00e0 notre corps, \u00e0 la terre et aux merveilles de la vie, permettant \u00e0 l&rsquo;\u00e9treinte de la nature d&rsquo;adoucir et de transformer notre douleur.<\/p>\n\n\n\n<p>Gr\u00e2ce \u00e0 la pleine conscience, nous apprendrons \u00e0 accueillir les \u00e9motions difficiles avec courage et tendresse, en laissant l&rsquo;\u00e9nergie de la pleine conscience contenir et apaiser notre chagrin. Nous b\u00e9n\u00e9ficierons \u00e9galement du soutien de l&rsquo;\u00e9nergie collective de la communaut\u00e9. En pratiquant ensemble dans un environnement de pleine conscience et de compassion partag\u00e9es, nous pouvons trouver force, r\u00e9confort et connexion.<\/p>\n\n\n\n<p>La pr\u00e9sence d&rsquo;autres personnes sur le m\u00eame chemin peut nous rappeler que nous ne sommes pas seuls dans notre souffrance et que la gu\u00e9rison est un voyage partag\u00e9. C\u2019est un voyage pour red\u00e9couvrir la capacit\u00e9 en vous \u00e0 embrasser, gu\u00e9rir et transformer. Que cette retraite soit un espace s\u00fbr pour vous reposer, respirer et vous reconnecter \u00e0 la beaut\u00e9 de la vie au c\u0153ur des temp\u00eates du deuil.<\/p>\n\n\n\n<p><strong>Quelques informations importantes avant de nous rejoindre pour une retraite<\/strong><\/p>\n\n\n\n<ul class=\"wp-block-list\">\n<li><a href=\"https:\/\/plumvillage.org\/fr\/retraites\/informations-importantes\/exemple-de-planning\">Exemple d&#8217;emploi du temps<\/a><\/li>\n\n\n\n<li><a href=\"https:\/\/plumvillage.org\/fr\/a-propos\/village-des-pruniers\/nos-hameaux\">Informations sur nos hameaux<\/a><\/li>\n\n\n\n<li><a href=\"https:\/\/plumvillage.org\/fr\/retraites\/informations-importantes\/hebergement-et-prix\">H\u00e9bergements et contributions<\/a><\/li>\n\n\n\n<li><a href=\"https:\/\/plumvillage.org\/fr\/retraites\/informations-importantes\/organisations-pratiques\" target=\"_blank\" rel=\"noreferrer noopener\">Quelques aspects pratiques, tels que : Transport, Tenues Vestimentaires, qu&rsquo;Apporter et Repas<\/a><\/li>\n<\/ul>\n\n\n\n<h2 class=\"wp-block-heading\">Registration<\/h2>\n\n\n<p>Registration Is closed.<\/p>\n\n\n<hr class=\"wp-block-separator has-alpha-channel-opacity\"\/>\n\n\n\n<p><\/p>\n","protected":false},"excerpt":{"rendered":"<p>Quand nous traversons un deuil profond ou une perte, la souffrance peut sembler \u00e9crasante. Dans ces moments, nous avons besoin de personnes bienveillantes qui nous offrent leur pr\u00e9sence et leur compassion \u2013 mais il est tout aussi essentiel d&rsquo;apprendre \u00e0 nous \u00e9couter profond\u00e9ment.<\/p>\n","protected":false},"author":2665,"featured_media":444426,"parent":0,"menu_order":0,"template":"","meta":{"_acf_changed":false,"sync_status":"","episode_type":"","audio_file":"","podmotor_file_id":"","podmotor_episode_id":"","castos_file_data":"","cover_image":"","cover_image_id":"","duration":"","filesize":"","filesize_raw":"","date_recorded":"","explicit":"","block":"","itunes_episode_number":"","itunes_title":"","itunes_season_number":"","itunes_episode_type":"","ep_exclude_from_search":false,"footnotes":""},"class_list":["post-482202","pv_event","type-pv_event","status-publish","has-post-thumbnail","hentry"],"acf":[],"pv_custom_fields":{"locations":["Hameau du Bas","Le Village des Pruniers - Europe"],"status":"EventScheduled","custom_status":"","start_date":1741305600,"end_date":1741910400,"registration_open":1734044400,"external_link":"","featured_image":"https:\/\/plumvillage.org\/wp-content\/uploads\/2024\/03\/love-is-freedom-walking-blur-480x290.jpg","is_translated":480595,"post_language":"fr","hidden":false,"event_type":4282},"_links":{"self":[{"href":"https:\/\/plumvillage.org\/fr\/wp-json\/wp\/v2\/pv_event\/482202","targetHints":{"allow":["GET"]}}],"collection":[{"href":"https:\/\/plumvillage.org\/fr\/wp-json\/wp\/v2\/pv_event"}],"about":[{"href":"https:\/\/plumvillage.org\/fr\/wp-json\/wp\/v2\/types\/pv_event"}],"author":[{"embeddable":true,"href":"https:\/\/plumvillage.org\/fr\/wp-json\/wp\/v2\/users\/2665"}],"version-history":[{"count":5,"href":"https:\/\/plumvillage.org\/fr\/wp-json\/wp\/v2\/pv_event\/482202\/revisions"}],"predecessor-version":[{"id":505125,"href":"https:\/\/plumvillage.org\/fr\/wp-json\/wp\/v2\/pv_event\/482202\/revisions\/505125"}],"wp:featuredmedia":[{"embeddable":true,"href":"https:\/\/plumvillage.org\/fr\/wp-json\/wp\/v2\/media\/444426"}],"wp:attachment":[{"href":"https:\/\/plumvillage.org\/fr\/wp-json\/wp\/v2\/media?parent=482202"}],"curies":[{"name":"wp","href":"https:\/\/api.w.org\/{rel}","templated":true}]}}

<p>Quand nous traversons un deuil profond ou une perte, la souffrance peut sembler écrasante. Dans ces moments, nous avons besoin de personnes bienveillantes qui nous offrent leur présence et leur compassion – mais il est tout aussi essentiel d&rsquo;apprendre à nous écouter profondément.</p>



<p>Ensemble, nous explorerons des pratiques qui favorisent la guérison et la transformation. La marche méditative et les moments passés dans la nature nous aideront à nous reconnecter à notre corps, à la terre et aux merveilles de la vie, permettant à l&rsquo;étreinte de la nature d&rsquo;adoucir et de transformer notre douleur.</p>



<p>Grâce à la pleine conscience, nous apprendrons à accueillir les émotions difficiles avec courage et tendresse, en laissant l&rsquo;énergie de la pleine conscience contenir et apaiser notre chagrin. Nous bénéficierons également du soutien de l&rsquo;énergie collective de la communauté. En pratiquant ensemble dans un environnement de pleine conscience et de compassion partagées, nous pouvons trouver force, réconfort et connexion.</p>



<p>La présence d&rsquo;autres personnes sur le même chemin peut nous rappeler que nous ne sommes pas seuls dans notre souffrance et que la guérison est un voyage partagé. C’est un voyage pour redécouvrir la capacité en vous à embrasser, guérir et transformer. Que cette retraite soit un espace sûr pour vous reposer, respirer et vous reconnecter à la beauté de la vie au cœur des tempêtes du deuil.</p>



<p><strong>Quelques informations importantes avant de nous rejoindre pour une retraite</strong></p>



<ul class="wp-block-list">
<li><a href="https://plumvillage.org/fr/retraites/informations-importantes/exemple-de-planning">Exemple d&#8217;emploi du temps</a></li>



<li><a href="https://plumvillage.org/fr/a-propos/village-des-pruniers/nos-hameaux">Informations sur nos hameaux</a></li>



<li><a href="https://plumvillage.org/fr/retraites/informations-importantes/hebergement-et-prix">Hébergements et contributions</a></li>



<li><a href="https://plumvillage.org/fr/retraites/informations-importantes/organisations-pratiques" target="_blank" rel="noreferrer noopener">Quelques aspects pratiques, tels que : Transport, Tenues Vestimentaires, qu&rsquo;Apporter et Repas</a></li>
</ul>



<h2 class="wp-block-heading">Registration</h2>


<p>Registration Is closed.</p>


<hr class="wp-block-separator has-alpha-channel-opacity"/>



<p></p>

<p>Quand nous traversons un deuil profond ou une perte, la souffrance peut sembler écrasante. Dans ces moments, nous avons besoin de personnes bienveillantes qui nous offrent leur présence et leur compassion – mais il est tout aussi essentiel d&rsquo;apprendre à nous écouter profondément.</p>
