{"id":482220,"date":"2024-12-13T20:49:34","date_gmt":"2024-12-13T19:49:34","guid":{"rendered":"https:\/\/plumvillage.org\/?post_type=pv_event&#038;p=482220"},"modified":"2025-06-17T17:38:47","modified_gmt":"2025-06-17T15:38:47","slug":"retraite-a-la-ferme-joyeuse-hameau-du-haut","status":"publish","type":"pv_event","link":"https:\/\/plumvillage.org\/fr\/event\/retraite-en-presentiel\/retraite-a-la-ferme-joyeuse-hameau-du-haut","title":{"rendered":"Retraite \u00e0 la Ferme Joyeuse (Hameau du Haut)"},"content":{"rendered":"\n<h2 class=\"wp-block-heading\">La famille \u201cHappy Farm\u201d &#8211;<em> ou Ferme Joyeuse <\/em>&#8211; du Hameau du Haut est ravie d&rsquo;annoncer sa prochaine retraite <strong>(du 13  au 20 juin 2025)<\/strong><\/h2>\n\n\n\n<p>La retraite sera&nbsp;<strong>en anglais<\/strong>&nbsp;<strong>uniquement<\/strong>,<strong>&nbsp;sans traduction<\/strong>.<\/p>\n\n\n\n<div class=\"wp-block-buttons is-layout-flex wp-block-buttons-is-layout-flex\">\n<div class=\"wp-block-button\"><a class=\"wp-block-button__link wp-element-button\" href=\"https:\/\/plumvillage.org\/fr\/event\/retraite-en-presentiel\/retraite-a-la-ferme-joyeuse-hameau-du-haut\">Informations et Inscriptions (en anglais)<\/a><\/div>\n<\/div>\n\n\n\n<p><\/p>\n","protected":false},"excerpt":{"rendered":"<p>Une retraite d&rsquo;une semaine combin\u00e9e avec une exp\u00e9rience concr\u00e8te de terrain dans notre ferme biologique et agro-\u00e9cologique.<\/p>\n","protected":false},"author":2665,"featured_media":480514,"parent":0,"menu_order":0,"template":"","meta":{"_acf_changed":false,"sync_status":"","episode_type":"","audio_file":"","podmotor_file_id":"","podmotor_episode_id":"","castos_file_data":"","cover_image":"","cover_image_id":"","duration":"","filesize":"","filesize_raw":"","date_recorded":"","explicit":"","block":"","itunes_episode_number":"","itunes_title":"","itunes_season_number":"","itunes_episode_type":"","ep_exclude_from_search":false,"footnotes":""},"class_list":["post-482220","pv_event","type-pv_event","status-publish","has-post-thumbnail","hentry"],"acf":[],"pv_custom_fields":{"locations":["Hameau du Haut","Le Village des Pruniers - Europe"],"status":"EventScheduled","custom_status":"","start_date":1749772800,"end_date":1750377600,"registration_open":1734119359,"external_link":"","featured_image":"https:\/\/plumvillage.org\/wp-content\/uploads\/2024\/11\/HFWeek2-10-480x290.jpeg","is_translated":480016,"post_language":"fr","hidden":true,"event_type":4282},"_links":{"self":[{"href":"https:\/\/plumvillage.org\/fr\/wp-json\/wp\/v2\/pv_event\/482220","targetHints":{"allow":["GET"]}}],"collection":[{"href":"https:\/\/plumvillage.org\/fr\/wp-json\/wp\/v2\/pv_event"}],"about":[{"href":"https:\/\/plumvillage.org\/fr\/wp-json\/wp\/v2\/types\/pv_event"}],"author":[{"embeddable":true,"href":"https:\/\/plumvillage.org\/fr\/wp-json\/wp\/v2\/users\/2665"}],"version-history":[{"count":3,"href":"https:\/\/plumvillage.org\/fr\/wp-json\/wp\/v2\/pv_event\/482220\/revisions"}],"predecessor-version":[{"id":522191,"href":"https:\/\/plumvillage.org\/fr\/wp-json\/wp\/v2\/pv_event\/482220\/revisions\/522191"}],"wp:featuredmedia":[{"embeddable":true,"href":"https:\/\/plumvillage.org\/fr\/wp-json\/wp\/v2\/media\/480514"}],"wp:attachment":[{"href":"https:\/\/plumvillage.org\/fr\/wp-json\/wp\/v2\/media?parent=482220"}],"curies":[{"name":"wp","href":"https:\/\/api.w.org\/{rel}","templated":true}]}}

Retraite à la Ferme Joyeuse (Hameau du Haut)

<p>Une retraite d&rsquo;une semaine combinée avec une expérience concrète de terrain dans notre ferme biologique et agro-écologique.</p>
