{"id":501142,"date":"2025-02-14T09:53:56","date_gmt":"2025-02-14T08:53:56","guid":{"rendered":"https:\/\/plumvillage.org\/?post_type=pv_event&#038;p=501142"},"modified":"2025-02-15T21:01:12","modified_gmt":"2025-02-15T20:01:12","slug":"retraite-sentir-pour-guerir","status":"publish","type":"pv_event","link":"https:\/\/plumvillage.org\/fr\/event\/retraite-en-presentiel\/retraite-sentir-pour-guerir","title":{"rendered":"Retraite Sentir pour Gu\u00e9rir, Canada"},"content":{"rendered":"\n<p><a href=\"https:\/\/www.truclam.ca\/taythien\">Westlock Meditation Centre<\/a>, Canada (Tu Vi\u1ec7n T\u00e2y Thi\u00ean)<\/p>\n\n\n\n<blockquote class=\"wp-block-quote is-layout-flow wp-block-quote-is-layout-flow\">\n<p>La pleine conscience vous permet de vivre profond\u00e9ment chaque moment qui vous est donn\u00e9 de vivre.<\/p>\n<cite>Thich Nhat Hanh <\/cite><\/blockquote>\n\n\n\n<p>Parfois, nous nous sentons perdu\u00b7es, emport\u00e9\u00b7es par le flot de la vie. Que nos vies soient pleines et occup\u00e9es ou lentes, nous voulons atteindre le bonheur et l&rsquo;\u00e9panouissement, mais il est parfois difficile de le ressentir.<\/p>\n\n\n\n<p>Rejoignez-nous pour une retraite r\u00e9sidentielle de 4 jours intitul\u00e9e \u00ab Ressentir pour gu\u00e9rir \u00bb avec les monastiques du Village des Pruniers. C&rsquo;est l&rsquo;occasion pour nous de revenir \u00e0 nous-m\u00eames et de r\u00e9tablir l&rsquo;\u00e9quilibre dans nos c\u0153urs et nos esprits. La gu\u00e9rison est possible mais elle doit commencer par savoir s&rsquo;arr\u00eater et ressentir nos \u00e9motions sans s&rsquo;y noyer.<\/p>\n\n\n\n<p><strong>Veuillez noter que cette retraite r\u00e9sidentielle de 4 jours se d\u00e9roule en anglais et en vietnamien, sans traduction en fran\u00e7ais.<\/strong><\/p>\n\n\n\n<div class=\"wp-block-buttons is-layout-flex wp-block-buttons-is-layout-flex\">\n<div class=\"wp-block-button\"><a class=\"wp-block-button__link wp-element-button\" href=\"https:\/\/plumvillage.org\/event\/retreat\/feel-to-heal-retreat\">More information and Registration<\/a><\/div>\n<\/div>\n\n\n\n<figure class=\"wp-block-image alignwide size-large\"><img loading=\"lazy\" decoding=\"async\" width=\"1024\" height=\"362\" src=\"https:\/\/plumvillage.org\/wp-content\/uploads\/2025\/02\/PHOTO-2025-02-07-10-52-25-1-1024x362.jpg\" alt=\"\" class=\"wp-image-500127\" srcset=\"https:\/\/plumvillage.org\/wp-content\/uploads\/2025\/02\/PHOTO-2025-02-07-10-52-25-1-1024x362.jpg 1024w, https:\/\/plumvillage.org\/wp-content\/uploads\/2025\/02\/PHOTO-2025-02-07-10-52-25-1-499x177.jpg 499w, https:\/\/plumvillage.org\/wp-content\/uploads\/2025\/02\/PHOTO-2025-02-07-10-52-25-1-768x272.jpg 768w, https:\/\/plumvillage.org\/wp-content\/uploads\/2025\/02\/PHOTO-2025-02-07-10-52-25-1-1536x543.jpg 1536w, https:\/\/plumvillage.org\/wp-content\/uploads\/2025\/02\/PHOTO-2025-02-07-10-52-25-1.jpg 1600w\" sizes=\"auto, (max-width: 1024px) 100vw, 1024px\" \/><figcaption class=\"wp-element-caption\">Les monastiques du Village des Pruniers qui nous rejoignent pour guider la retraite.<\/figcaption><\/figure>\n\n\n\n<hr class=\"wp-block-separator has-alpha-channel-opacity\"\/>\n","protected":false},"excerpt":{"rendered":"<p>Rejoignez-nous pour une retraite r\u00e9sidentielle de 4 jours intitul\u00e9e \u00ab Ressentir pour gu\u00e9rir \u00bb avec les monastiques du Village des Pruniers. C&rsquo;est l&rsquo;occasion pour nous de revenir \u00e0 nous-m\u00eames et de r\u00e9tablir l&rsquo;\u00e9quilibre dans nos c\u0153urs et nos esprits. <\/p>\n","protected":false},"author":2665,"featured_media":368538,"parent":0,"menu_order":0,"template":"","meta":{"_acf_changed":false,"sync_status":"","episode_type":"","audio_file":"","podmotor_file_id":"","podmotor_episode_id":"","castos_file_data":"","cover_image":"","cover_image_id":"","duration":"","filesize":"","filesize_raw":"","date_recorded":"","explicit":"","block":"","itunes_episode_number":"","itunes_title":"","itunes_season_number":"","itunes_episode_type":"","ep_exclude_from_search":false,"footnotes":""},"class_list":["post-501142","pv_event","type-pv_event","status-publish","has-post-thumbnail","hentry"],"acf":[],"pv_custom_fields":{"locations":"Canada - North America","status":"EventScheduled","custom_status":"","start_date":1746057600,"end_date":1746316800,"registration_open":1739476863,"external_link":"","featured_image":"https:\/\/plumvillage.org\/wp-content\/uploads\/2023\/03\/bodhi-tree-edited-480x290.jpg","is_translated":499903,"post_language":"fr","hidden":false,"event_type":4282},"_links":{"self":[{"href":"https:\/\/plumvillage.org\/fr\/wp-json\/wp\/v2\/pv_event\/501142","targetHints":{"allow":["GET"]}}],"collection":[{"href":"https:\/\/plumvillage.org\/fr\/wp-json\/wp\/v2\/pv_event"}],"about":[{"href":"https:\/\/plumvillage.org\/fr\/wp-json\/wp\/v2\/types\/pv_event"}],"author":[{"embeddable":true,"href":"https:\/\/plumvillage.org\/fr\/wp-json\/wp\/v2\/users\/2665"}],"version-history":[{"count":5,"href":"https:\/\/plumvillage.org\/fr\/wp-json\/wp\/v2\/pv_event\/501142\/revisions"}],"predecessor-version":[{"id":502256,"href":"https:\/\/plumvillage.org\/fr\/wp-json\/wp\/v2\/pv_event\/501142\/revisions\/502256"}],"wp:featuredmedia":[{"embeddable":true,"href":"https:\/\/plumvillage.org\/fr\/wp-json\/wp\/v2\/media\/368538"}],"wp:attachment":[{"href":"https:\/\/plumvillage.org\/fr\/wp-json\/wp\/v2\/media?parent=501142"}],"curies":[{"name":"wp","href":"https:\/\/api.w.org\/{rel}","templated":true}]}}

Retraite Sentir pour Guérir, Canada

<p><a href="https://www.truclam.ca/taythien">Westlock Meditation Centre</a>, Canada (Tu Viện Tây Thiên)</p>



<blockquote class="wp-block-quote is-layout-flow wp-block-quote-is-layout-flow">
<p>La pleine conscience vous permet de vivre profondément chaque moment qui vous est donné de vivre.</p>
<cite>Thich Nhat Hanh </cite></blockquote>



<p>Parfois, nous nous sentons perdu·es, emporté·es par le flot de la vie. Que nos vies soient pleines et occupées ou lentes, nous voulons atteindre le bonheur et l&rsquo;épanouissement, mais il est parfois difficile de le ressentir.</p>



<p>Rejoignez-nous pour une retraite résidentielle de 4 jours intitulée « Ressentir pour guérir » avec les monastiques du Village des Pruniers. C&rsquo;est l&rsquo;occasion pour nous de revenir à nous-mêmes et de rétablir l&rsquo;équilibre dans nos cœurs et nos esprits. La guérison est possible mais elle doit commencer par savoir s&rsquo;arrêter et ressentir nos émotions sans s&rsquo;y noyer.</p>



<p><strong>Veuillez noter que cette retraite résidentielle de 4 jours se déroule en anglais et en vietnamien, sans traduction en français.</strong></p>



<div class="wp-block-buttons is-layout-flex wp-block-buttons-is-layout-flex">
<div class="wp-block-button"><a class="wp-block-button__link wp-element-button" href="https://plumvillage.org/event/retreat/feel-to-heal-retreat">More information and Registration</a></div>
</div>



<figure class="wp-block-image alignwide size-large"><img loading="lazy" decoding="async" width="1024" height="362" src="https://plumvillage.org/wp-content/uploads/2025/02/PHOTO-2025-02-07-10-52-25-1-1024x362.jpg" alt="" class="wp-image-500127" srcset="https://plumvillage.org/wp-content/uploads/2025/02/PHOTO-2025-02-07-10-52-25-1-1024x362.jpg 1024w, https://plumvillage.org/wp-content/uploads/2025/02/PHOTO-2025-02-07-10-52-25-1-499x177.jpg 499w, https://plumvillage.org/wp-content/uploads/2025/02/PHOTO-2025-02-07-10-52-25-1-768x272.jpg 768w, https://plumvillage.org/wp-content/uploads/2025/02/PHOTO-2025-02-07-10-52-25-1-1536x543.jpg 1536w, https://plumvillage.org/wp-content/uploads/2025/02/PHOTO-2025-02-07-10-52-25-1.jpg 1600w" sizes="auto, (max-width: 1024px) 100vw, 1024px" /><figcaption class="wp-element-caption">Les monastiques du Village des Pruniers qui nous rejoignent pour guider la retraite.</figcaption></figure>



<hr class="wp-block-separator has-alpha-channel-opacity"/>

<p>Rejoignez-nous pour une retraite résidentielle de 4 jours intitulée « Ressentir pour guérir » avec les monastiques du Village des Pruniers. C&rsquo;est l&rsquo;occasion pour nous de revenir à nous-mêmes et de rétablir l&rsquo;équilibre dans nos cœurs et nos esprits. </p>
