{"id":506256,"date":"2025-03-27T16:02:25","date_gmt":"2025-03-27T15:02:25","guid":{"rendered":"https:\/\/plumvillage.org\/?post_type=pv_event&#038;p=506256"},"modified":"2025-07-27T16:25:57","modified_gmt":"2025-07-27T14:25:57","slug":"retraites-dete-2025-pour-adultes","status":"publish","type":"pv_event","link":"https:\/\/plumvillage.org\/fr\/event\/retraite-en-presentiel\/retraites-dete-2025-pour-adultes","title":{"rendered":"Retraites d&rsquo;\u00e9t\u00e9 2025 pour adultes"},"content":{"rendered":"\n<blockquote class=\"wp-block-quote is-layout-flow wp-block-quote-is-layout-flow\">\n<p><em>Pour nous, notre id\u00e9al, notre espoir ne peut se r\u00e9aliser que si nous avons une communaut\u00e9 belle et solide.<\/em><\/p>\n<cite>Thich Nhat Hanh<\/cite><\/blockquote>\n\n\n\n<p><br>Du <strong>10 juillet au 2 ao\u00fbt 2025<\/strong>, le Village des Pruniers accueillera des pratiquant\u00b7es de tous \u00e2ges pour construire une communaut\u00e9 bien-aim\u00e9e. Nous organiserons des programmes sp\u00e9ciaux pour les familles avec enfants et adolescents, mais il y a aussi un <strong>programme complet pour les adultes<\/strong>. Que vous veniez seul\u00b7e ou en famille, vous b\u00e9n\u00e9ficierez d&rsquo;une merveilleuse retraite. <br><\/p>\n\n\n\n<h2 class=\"wp-block-heading\">Inscription<\/h2>\n\n\n\n<p>Des places pour les personnes seules et les couples (sans enfants) seront disponibles dans les trois hameaux.<\/p>\n\n\n\n<p>Lors de l&rsquo;inscription, veuillez choisir votre hameau pr\u00e9f\u00e9r\u00e9, votre identit\u00e9 sexuelle et votre famille de partage du Dharma, en gardant \u00e0 l&rsquo;esprit que la disponibilit\u00e9 peut varier en fonction de la langue, du sexe ou de la situation familiale.<\/p>\n\n\n\n<div style=\"height:100px\" aria-hidden=\"true\" class=\"wp-block-spacer\"><\/div>\n\n\nRegistration opens on 15 mars 2025 15h00. Please return to this page.\n\n\n\n<div style=\"height:100px\" aria-hidden=\"true\" class=\"wp-block-spacer\"><\/div>\n\n\n\n<h2 class=\"wp-block-heading\">Familles<\/h2>\n\n\n\n<p>Veuillez vous inscrire <a href=\"https:\/\/plumvillage.org\/fr\/event\/retraite-en-presentiel\/retraites-dete-2025\" data-type=\"link\" data-id=\"https:\/\/plumvillage.org\/fr\/event\/retraite-en-presentiel\/retraites-dete-2025\">ici<\/a>.<\/p>\n\n\n\n<h2 class=\"wp-block-heading\">B\u00e9n\u00e9volat<\/h2>\n\n\n\n<p>La retraite d&rsquo;\u00e9t\u00e9 n&rsquo;est pas possible sans le soutien de nos b\u00e9n\u00e9voles. Afin d&rsquo;offrir une stabilit\u00e9 et une paix v\u00e9ritables \u00e0 la retraite, nous donnons la priorit\u00e9 aux b\u00e9n\u00e9voles qui peuvent <strong>s&rsquo;engager pour un mois<\/strong> (arriv\u00e9e le <strong>4 juillet<\/strong> et d\u00e9part le <strong>5 ao\u00fbt<\/strong>).<\/p>\n\n\n\n<div class=\"wp-block-buttons is-layout-flex wp-block-buttons-is-layout-flex\">\n<div class=\"wp-block-button\"><a class=\"wp-block-button__link wp-element-button\" href=\"https:\/\/plumvillage.org\/fr\/benevolat-au-village-des-pruniers-2025\">Postuler pour devenir b\u00e9n\u00e9vole<\/a><\/div>\n<\/div>\n\n\n\n<hr class=\"wp-block-separator has-alpha-channel-opacity\"\/>\n\n\n\n<h4 class=\"wp-block-heading\">Plus d&rsquo;informations pour participer \u00e0 une retraite avec nous<\/h4>\n\n\n\n<ul class=\"wp-block-list\">\n<li><a href=\"https:\/\/plumvillage.org\/fr\/retraites\/informations-importantes\/exemple-de-planning\">Exemple d\u2019emploi du temps<\/a><\/li>\n\n\n\n<li><a href=\"https:\/\/plumvillage.org\/fr\/a-propos\/village-des-pruniers\/nos-hameaux\">Nos hameaux<\/a><\/li>\n\n\n\n<li><a href=\"https:\/\/plumvillage.org\/fr\/retraites\/informations-importantes\/hebergement-et-prix\">H\u00e9bergement &amp; Contribution<\/a><\/li>\n\n\n\n<li><a href=\"https:\/\/plumvillage.org\/fr\/retraites\/informations-importantes\/organisations-pratiques\" target=\"_blank\" rel=\"noreferrer noopener\">Aspects pratiques<\/a><\/li>\n<\/ul>\n\n\n\n<div style=\"height:100px\" aria-hidden=\"true\" class=\"wp-block-spacer\"><\/div>\n","protected":false},"excerpt":{"rendered":"<p>Du 10 juillet au 2 ao\u00fbt 2025, le Village des Pruniers accueillera des pratiquant\u00b7es de tous \u00e2ges pour construire une communaut\u00e9 bien-aim\u00e9e. <\/p>\n","protected":false},"author":2006,"featured_media":506258,"parent":0,"menu_order":0,"template":"","meta":{"_acf_changed":false,"sync_status":"","episode_type":"","audio_file":"","podmotor_file_id":"","podmotor_episode_id":"","castos_file_data":"","cover_image":"","cover_image_id":"","duration":"","filesize":"","filesize_raw":"","date_recorded":"","explicit":"","block":"","itunes_episode_number":"","itunes_title":"","itunes_season_number":"","itunes_episode_type":"","ep_exclude_from_search":false,"footnotes":""},"class_list":["post-506256","pv_event","type-pv_event","status-publish","has-post-thumbnail","hentry"],"acf":[],"pv_custom_fields":{"locations":["Le Village des Pruniers - Europe","Hameau du Bas","Hameau Nouveau","Hameau du Haut"],"status":"EventCustom","custom_status":{"text":"Complet","color":"stamp"},"start_date":1752105600,"end_date":1754092800,"registration_open":1742047200,"external_link":"","featured_image":"https:\/\/plumvillage.org\/wp-content\/uploads\/2017\/09\/sunflower1-1024x436-1-480x290.jpg","is_translated":505240,"post_language":"fr","hidden":false,"event_type":4282},"_links":{"self":[{"href":"https:\/\/plumvillage.org\/fr\/wp-json\/wp\/v2\/pv_event\/506256","targetHints":{"allow":["GET"]}}],"collection":[{"href":"https:\/\/plumvillage.org\/fr\/wp-json\/wp\/v2\/pv_event"}],"about":[{"href":"https:\/\/plumvillage.org\/fr\/wp-json\/wp\/v2\/types\/pv_event"}],"author":[{"embeddable":true,"href":"https:\/\/plumvillage.org\/fr\/wp-json\/wp\/v2\/users\/2006"}],"version-history":[{"count":5,"href":"https:\/\/plumvillage.org\/fr\/wp-json\/wp\/v2\/pv_event\/506256\/revisions"}],"predecessor-version":[{"id":527980,"href":"https:\/\/plumvillage.org\/fr\/wp-json\/wp\/v2\/pv_event\/506256\/revisions\/527980"}],"wp:featuredmedia":[{"embeddable":true,"href":"https:\/\/plumvillage.org\/fr\/wp-json\/wp\/v2\/media\/506258"}],"wp:attachment":[{"href":"https:\/\/plumvillage.org\/fr\/wp-json\/wp\/v2\/media?parent=506256"}],"curies":[{"name":"wp","href":"https:\/\/api.w.org\/{rel}","templated":true}]}}

Retraites d&rsquo;été 2025 pour adultes

<blockquote class="wp-block-quote is-layout-flow wp-block-quote-is-layout-flow">
<p><em>Pour nous, notre idéal, notre espoir ne peut se réaliser que si nous avons une communauté belle et solide.</em></p>
<cite>Thich Nhat Hanh</cite></blockquote>



<p><br>Du <strong>10 juillet au 2 août 2025</strong>, le Village des Pruniers accueillera des pratiquant·es de tous âges pour construire une communauté bien-aimée. Nous organiserons des programmes spéciaux pour les familles avec enfants et adolescents, mais il y a aussi un <strong>programme complet pour les adultes</strong>. Que vous veniez seul·e ou en famille, vous bénéficierez d&rsquo;une merveilleuse retraite. <br></p>



<h2 class="wp-block-heading">Inscription</h2>



<p>Des places pour les personnes seules et les couples (sans enfants) seront disponibles dans les trois hameaux.</p>



<p>Lors de l&rsquo;inscription, veuillez choisir votre hameau préféré, votre identité sexuelle et votre famille de partage du Dharma, en gardant à l&rsquo;esprit que la disponibilité peut varier en fonction de la langue, du sexe ou de la situation familiale.</p>



<div style="height:100px" aria-hidden="true" class="wp-block-spacer"></div>


Registration opens on 15 mars 2025 15h00. Please return to this page.



<div style="height:100px" aria-hidden="true" class="wp-block-spacer"></div>



<h2 class="wp-block-heading">Familles</h2>



<p>Veuillez vous inscrire <a href="https://plumvillage.org/fr/event/retraite-en-presentiel/retraites-dete-2025" data-type="link" data-id="https://plumvillage.org/fr/event/retraite-en-presentiel/retraites-dete-2025">ici</a>.</p>



<h2 class="wp-block-heading">Bénévolat</h2>



<p>La retraite d&rsquo;été n&rsquo;est pas possible sans le soutien de nos bénévoles. Afin d&rsquo;offrir une stabilité et une paix véritables à la retraite, nous donnons la priorité aux bénévoles qui peuvent <strong>s&rsquo;engager pour un mois</strong> (arrivée le <strong>4 juillet</strong> et départ le <strong>5 août</strong>).</p>



<div class="wp-block-buttons is-layout-flex wp-block-buttons-is-layout-flex">
<div class="wp-block-button"><a class="wp-block-button__link wp-element-button" href="https://plumvillage.org/fr/benevolat-au-village-des-pruniers-2025">Postuler pour devenir bénévole</a></div>
</div>



<hr class="wp-block-separator has-alpha-channel-opacity"/>



<h4 class="wp-block-heading">Plus d&rsquo;informations pour participer à une retraite avec nous</h4>



<ul class="wp-block-list">
<li><a href="https://plumvillage.org/fr/retraites/informations-importantes/exemple-de-planning">Exemple d’emploi du temps</a></li>



<li><a href="https://plumvillage.org/fr/a-propos/village-des-pruniers/nos-hameaux">Nos hameaux</a></li>



<li><a href="https://plumvillage.org/fr/retraites/informations-importantes/hebergement-et-prix">Hébergement &amp; Contribution</a></li>



<li><a href="https://plumvillage.org/fr/retraites/informations-importantes/organisations-pratiques" target="_blank" rel="noreferrer noopener">Aspects pratiques</a></li>
</ul>



<div style="height:100px" aria-hidden="true" class="wp-block-spacer"></div>

<p>Du 10 juillet au 2 août 2025, le Village des Pruniers accueillera des pratiquant·es de tous âges pour construire une communauté bien-aimée. </p>
