{"id":611308,"date":"2026-01-04T15:59:42","date_gmt":"2026-01-04T14:59:42","guid":{"rendered":"https:\/\/plumvillage.org\/?post_type=pv_event&#038;p=611308"},"modified":"2026-04-03T10:08:01","modified_gmt":"2026-04-03T08:08:01","slug":"retraite-francophone-hameau-nouveau-2","status":"publish","type":"pv_event","link":"https:\/\/plumvillage.org\/fr\/event\/retraite-en-presentiel\/retraite-francophone-hameau-nouveau-2","title":{"rendered":"Retraite Francophone &#8211; Retraite Enseignant.e.s"},"content":{"rendered":"\n<h2 class=\"wp-block-heading has-text-align-center\">Solide comme une Montagne, Libre comme un Nuage<\/h2>\n\n\n\n<blockquote class=\"wp-block-quote is-layout-flow wp-block-quote-is-layout-flow\">\n<p>Sans solidit\u00e9 et libert\u00e9 dans notre coeur, nous ne pouvons conna\u00eetre le bonheur v\u00e9ritable.<\/p>\n<cite>Thich Nhat Hanh<\/cite><\/blockquote>\n\n\n\n<p>Les S\u0153urs du <strong>Hameau Nouveau<\/strong> auront la grande joie d\u2019offrir une Retraite Francophone du 3 au 10 avril 2026. Cette Retraite Francophone se d\u00e9roulera uniquement au Hameau Nouveau et est ouverte aux personnes de tous genres (hommes, femmes, non-binaires).<\/p>\n\n\n\n<p>Nous serons particuli\u00e8rement heureuses de recevoir aussi des \u00e9ducateurs, \u00e9ducatrices, enseignant.e.s et professionnels de l\u2019\u00e9ducation pendant cette semaine. Pratiquer la Pleine Conscience procure \u00e0 l\u2019enseignant.e une plus grande capacit\u00e9 de calme et de concentration, ainsi qu\u2019une plus grande stabilit\u00e9 \u00e9motionnelle et une plus grande s\u00e9r\u00e9nit\u00e9.<\/p>\n\n\n\n<p>Son enseignement en devient plus limpide, son \u00e9coute, sa disponibilit\u00e9 plus grandes, lui permettant d\u2019offrir le meilleur de lui-m\u00eame aux \u00e9l\u00e8ves, de les aider davantage \u00e0 d\u00e9velopper leur plein potentiel et ce dans une ambiance de classe plus l\u00e9g\u00e8re et joyeuse.<\/p>\n\n\n\n<p>Pendant cette semaine, nous vivrons en grande famille spirituelle, cultivant notre pr\u00e9sence \u00e0 nous-m\u00eame et aux autres par la pratique de la pleine conscience. Ensemble, nous apprendrons \u00e0 cultiver la joie et \u00e0 prendre soin de notre souffrance, \u00e0 nous nourrir, nous gu\u00e9rir, et nous \u00e9veiller \u00e0 la dimension plus profonde de nous-m\u00eame et de la vie.<\/p>\n\n\n\n<p>Face aux d\u00e9fis que rencontre notre soci\u00e9t\u00e9 et aux probl\u00e9matiques globales du monde actuel, quel chemin emprunter et comment r\u00e9pondre aux cris de douleur qui viennent \u00e0 nous sans nous laisser submerger? Comment nourrir notre humanit\u00e9 commune et nous ancrer dans la dimension spirituelle au c\u0153ur de notre vie quotidienne, afin de pouvoir agir avec libert\u00e9?<\/p>\n\n\n\n<p>Comment rester en contact avec les joies des choses les plus simples et cultiver nos liens de fraternit\u00e9, de sororit\u00e9 et d\u2019adelphit\u00e9 pour rester calmes au c\u0153ur de la tourmente?&nbsp;<\/p>\n\n\n\n<p>Lors de cette semaine de pratique, toutes les activit\u00e9s seront offertes en fran\u00e7ais au Hameau Nouveau, avec le soutien de Fr\u00e8res et S\u0153urs monastiques francophones.<\/p>\n\n\n\n<p>Il est possible de&nbsp;<strong><a href=\"https:\/\/plumvillage.org\/fr\/event\/benevolat-2\/2026-sinscrire-comme-benevole-pour-soutenir-la-retraite-francophone-2026-au-hameau-nouveau\" target=\"_blank\" rel=\"noreferrer noopener\">se porter b\u00e9n\u00e9vole<\/a><\/strong>&nbsp;pour cette retraite: <br><\/p>\n\n\n\n<h1 class=\"wp-block-heading\"><em><strong>Inscriptions<\/strong><\/em><\/h1>\n\n\n<p>Registration Is closed.<\/p>\n\n\n<div class=\"wp-block-group has-fresh-earth-background-color has-background is-layout-flow wp-block-group-is-layout-flow\">\n<details class=\"wp-block-details is-layout-flow wp-block-details-is-layout-flow\"><summary><strong>Cliquez ici pour consulter notre politique de paiement et d\u2019annulation mise \u00e0 jour.<\/strong><\/summary>\n<h2 class=\"wp-block-heading\">Inscription &amp; Paiement<\/h2>\n\n\n\n<h3 class=\"wp-block-heading\"><strong>Structure de paiement<\/strong><\/h3>\n\n\n\n<p>Pour les retraites&nbsp;\u00e0 partir du 3 janvier 2026, votre contribution sera divis\u00e9e en&nbsp;deux paiements&nbsp;:<\/p>\n\n\n\n<ul class=\"wp-block-list\">\n<li>Paiement principal \u00e0&nbsp;Bienvenue Aux Pruniers S.A.S. (BAP)&nbsp;pour les aspects pratiques de la retraite (nourriture, h\u00e9bergement, installations, administration, taxes)<\/li>\n\n\n\n<li>Contribution monastique \u00e0 Congr\u00e9gation Bouddhique Zen Village des Pruniers (CBZ)&nbsp;pour soutenir la communaut\u00e9 monastique<\/li>\n<\/ul>\n\n\n\n<p>Votre relev\u00e9 bancaire affichera deux d\u00e9bits et vous recevrez deux factures.<\/p>\n\n\n\n<p>Note : Pour les retraites ayant lieu en 2025 jusqu\u2019au 3 janvier 2026, les contributions sont re\u00e7ues par la Communaut\u00e9 Bouddhique Zen du Village des Pruniers, l\u2019association religieuse \u00e0 but non lucratif loi 1901 qui op\u00e8re nos activit\u00e9s depuis 1988-2025.<\/p>\n\n\n\n<h3 class=\"wp-block-heading\"><strong>Modes de paiement<\/strong><\/h3>\n\n\n\n<p>Notre syst\u00e8me de r\u00e9servation en ligne accepte :<\/p>\n\n\n\n<ul class=\"wp-block-list\">\n<li>Les paiements par carte bancaire (dans le monde entier)<\/li>\n\n\n\n<li>Le pr\u00e9l\u00e8vement automatique europ\u00e9en (SEPA) pour les comptes bancaires europ\u00e9ens<\/li>\n<\/ul>\n\n\n\n<p>Tous les paiements sont trait\u00e9s via la plateforme de paiement s\u00e9curis\u00e9e Stripe. Nous ne conservons pas les donn\u00e9es de paiement. En raison de la r\u00e9glementation fran\u00e7aise stricte, nous ne pouvons accepter les esp\u00e8ces, les ch\u00e8ques ou les virements bancaires manuels pour les paiements de retraite.<\/p>\n\n\n\n<h2 class=\"wp-block-heading\">Politique d\u2019annulation<\/h2>\n\n\n\n<p>Afin de garantir un acc\u00e8s \u00e9quitable pour tous et toutes, nous avons r\u00e9vis\u00e9 notre politique d\u2019annulation et ceci, pour encourager les participants \u00e0 r\u00e9server une place, uniquement lorsqu\u2019ils sont certain\u2e31es de pouvoir participer.<\/p>\n\n\n\n<h3 class=\"wp-block-heading\">Annulation par les participants<\/h3>\n\n\n\n<p>Si vous devez annuler :<\/p>\n\n\n\n<ul class=\"wp-block-list\">\n<li>28 jours ou plus avant l\u2019arriv\u00e9e&nbsp;: Remboursement int\u00e9gral moins 100 \u20ac de frais administratifs et d\u2019annulation<\/li>\n\n\n\n<li>14 \u00e0 27 jours avant l\u2019arriv\u00e9e&nbsp;: Remboursement de 50 % apr\u00e8s d\u00e9duction des 100 \u20ac de frais administratifs non remboursables<\/li>\n\n\n\n<li>13 jours ou moins avant l\u2019arriv\u00e9e&nbsp;: Aucun remboursement possible<\/li>\n<\/ul>\n\n\n\n<p>Nous recommandons vivement de souscrire une assurance voyage pour couvrir les frais d\u2019annulation de retraite en cas de circonstances impr\u00e9vues, y compris une maladie personnelle ou des urgences familiales.<\/p>\n\n\n\n<p>Pour ceux qui viennent g\u00e9n\u00e9reusement au Village des Pruniers pour aider en tant que b\u00e9n\u00e9voles, les frais d\u2019annulation sont de 25 \u20ac (pour couvrir les frais administratifs).<\/p>\n\n\n\n<h3 class=\"wp-block-heading\">Annulation par le Village des Pruniers<\/h3>\n\n\n\n<p>Le Village des Pruniers se r\u00e9serve le droit d\u2019annuler une retraite en toutes circonstances. Si cela se produit, vous recevrez un remboursement int\u00e9gral de tous les paiements effectu\u00e9s, y compris les frais administratifs.<\/p>\n\n\n\n<p>Le Village des Pruniers n\u2019accepte aucune autre responsabilit\u00e9 au-del\u00e0 du remboursement des frais d\u2019inscription \u00e0 la retraite. Nous ne pouvons \u00eatre tenus responsables des fonds d\u00e9pens\u00e9s pour des arrangements de voyage anticip\u00e9s, tels que les billets d\u2019avion et les visas. Nous recommandons vivement de souscrire une assurance voyage qui couvre cela.<\/p>\n<\/details>\n<\/div>\n\n\n\n<p><\/p>\n\n\n\n<p><strong>Plus d\u2019informations pour mieux se pr\u00e9parer \u00e0 venir pratiquer avec nous<\/strong>&nbsp;:<\/p>\n\n\n\n<ul class=\"wp-block-list\">\n<li><a href=\"https:\/\/plumvillage.org\/fr\/retraites\/informations-importantes\/exemple-de-planning\">Exemple du d\u00e9roulement d\u2019une journ\u00e9e<\/a><\/li>\n\n\n\n<li><a href=\"https:\/\/plumvillage.org\/fr\/a-propos\/village-des-pruniers\/nos-hameaux\">Informations sur nos hameaux<\/a><\/li>\n\n\n\n<li><a href=\"https:\/\/plumvillage.org\/fr\/retraites\/informations-importantes\/hebergement-et-prix\">H\u00e9bergement et contributions<\/a><\/li>\n\n\n\n<li><a href=\"https:\/\/plumvillage.org\/fr\/retraites\/informations-importantes\/organisations-pratiques\" target=\"_blank\" rel=\"noreferrer noopener\">Transport, comment se v\u00eatir, que dois-je apporter et les repas<\/a><\/li>\n<\/ul>\n","protected":false},"excerpt":{"rendered":"<p>Solide comme une Montagne, Libre comme un Nuage Sans solidit\u00e9 et libert\u00e9 dans notre coeur, nous ne pouvons conna\u00eetre le bonheur v\u00e9ritable. Thich Nhat Hanh Les S\u0153urs du Hameau Nouveau auront la grande joie d\u2019offrir une Retraite Francophone du 3 au 10 avril 2026. Cette Retraite Francophone se d\u00e9roulera uniquement au Hameau Nouveau et est<\/p>\n","protected":false},"author":2665,"featured_media":611309,"parent":0,"menu_order":0,"template":"","meta":{"_acf_changed":false,"sync_status":"","episode_type":"","audio_file":"","podmotor_file_id":"","podmotor_episode_id":"","castos_file_data":"","cover_image":"","cover_image_id":"","duration":"","filesize":"","filesize_raw":"","date_recorded":"","explicit":"","block":"","itunes_episode_number":"","itunes_title":"","itunes_season_number":"","itunes_episode_type":"","ep_exclude_from_search":false,"footnotes":""},"class_list":["post-611308","pv_event","type-pv_event","status-publish","has-post-thumbnail","hentry"],"acf":[],"pv_custom_fields":{"locations":["Le Village des Pruniers - Europe","Hameau Nouveau"],"status":"EventScheduled","custom_status":"","start_date":1775174400,"end_date":1775779200,"registration_open":1767538719,"external_link":"","featured_image":"https:\/\/plumvillage.org\/wp-content\/uploads\/2025\/12\/17th-June-28-480x290.jpg","is_translated":false,"post_language":"fr","hidden":false,"event_type":4282},"_links":{"self":[{"href":"https:\/\/plumvillage.org\/fr\/wp-json\/wp\/v2\/pv_event\/611308","targetHints":{"allow":["GET"]}}],"collection":[{"href":"https:\/\/plumvillage.org\/fr\/wp-json\/wp\/v2\/pv_event"}],"about":[{"href":"https:\/\/plumvillage.org\/fr\/wp-json\/wp\/v2\/types\/pv_event"}],"author":[{"embeddable":true,"href":"https:\/\/plumvillage.org\/fr\/wp-json\/wp\/v2\/users\/2665"}],"version-history":[{"count":4,"href":"https:\/\/plumvillage.org\/fr\/wp-json\/wp\/v2\/pv_event\/611308\/revisions"}],"predecessor-version":[{"id":638141,"href":"https:\/\/plumvillage.org\/fr\/wp-json\/wp\/v2\/pv_event\/611308\/revisions\/638141"}],"wp:featuredmedia":[{"embeddable":true,"href":"https:\/\/plumvillage.org\/fr\/wp-json\/wp\/v2\/media\/611309"}],"wp:attachment":[{"href":"https:\/\/plumvillage.org\/fr\/wp-json\/wp\/v2\/media?parent=611308"}],"curies":[{"name":"wp","href":"https:\/\/api.w.org\/{rel}","templated":true}]}}

<h2 class="wp-block-heading has-text-align-center">Solide comme une Montagne, Libre comme un Nuage</h2>



<blockquote class="wp-block-quote is-layout-flow wp-block-quote-is-layout-flow">
<p>Sans solidité et liberté dans notre coeur, nous ne pouvons connaître le bonheur véritable.</p>
<cite>Thich Nhat Hanh</cite></blockquote>



<p>Les Sœurs du <strong>Hameau Nouveau</strong> auront la grande joie d’offrir une Retraite Francophone du 3 au 10 avril 2026. Cette Retraite Francophone se déroulera uniquement au Hameau Nouveau et est ouverte aux personnes de tous genres (hommes, femmes, non-binaires).</p>



<p>Nous serons particulièrement heureuses de recevoir aussi des éducateurs, éducatrices, enseignant.e.s et professionnels de l’éducation pendant cette semaine. Pratiquer la Pleine Conscience procure à l’enseignant.e une plus grande capacité de calme et de concentration, ainsi qu’une plus grande stabilité émotionnelle et une plus grande sérénité.</p>



<p>Son enseignement en devient plus limpide, son écoute, sa disponibilité plus grandes, lui permettant d’offrir le meilleur de lui-même aux élèves, de les aider davantage à développer leur plein potentiel et ce dans une ambiance de classe plus légère et joyeuse.</p>



<p>Pendant cette semaine, nous vivrons en grande famille spirituelle, cultivant notre présence à nous-même et aux autres par la pratique de la pleine conscience. Ensemble, nous apprendrons à cultiver la joie et à prendre soin de notre souffrance, à nous nourrir, nous guérir, et nous éveiller à la dimension plus profonde de nous-même et de la vie.</p>



<p>Face aux défis que rencontre notre société et aux problématiques globales du monde actuel, quel chemin emprunter et comment répondre aux cris de douleur qui viennent à nous sans nous laisser submerger? Comment nourrir notre humanité commune et nous ancrer dans la dimension spirituelle au cœur de notre vie quotidienne, afin de pouvoir agir avec liberté?</p>



<p>Comment rester en contact avec les joies des choses les plus simples et cultiver nos liens de fraternité, de sororité et d’adelphité pour rester calmes au cœur de la tourmente?&nbsp;</p>



<p>Lors de cette semaine de pratique, toutes les activités seront offertes en français au Hameau Nouveau, avec le soutien de Frères et Sœurs monastiques francophones.</p>



<p>Il est possible de&nbsp;<strong><a href="https://plumvillage.org/fr/event/benevolat-2/2026-sinscrire-comme-benevole-pour-soutenir-la-retraite-francophone-2026-au-hameau-nouveau" target="_blank" rel="noreferrer noopener">se porter bénévole</a></strong>&nbsp;pour cette retraite: <br></p>



<h1 class="wp-block-heading"><em><strong>Inscriptions</strong></em></h1>


<p>Registration Is closed.</p>


<div class="wp-block-group has-fresh-earth-background-color has-background is-layout-flow wp-block-group-is-layout-flow">
<details class="wp-block-details is-layout-flow wp-block-details-is-layout-flow"><summary><strong>Cliquez ici pour consulter notre politique de paiement et d’annulation mise à jour.</strong></summary>
<h2 class="wp-block-heading">Inscription &amp; Paiement</h2>



<h3 class="wp-block-heading"><strong>Structure de paiement</strong></h3>



<p>Pour les retraites&nbsp;à partir du 3 janvier 2026, votre contribution sera divisée en&nbsp;deux paiements&nbsp;:</p>



<ul class="wp-block-list">
<li>Paiement principal à&nbsp;Bienvenue Aux Pruniers S.A.S. (BAP)&nbsp;pour les aspects pratiques de la retraite (nourriture, hébergement, installations, administration, taxes)</li>



<li>Contribution monastique à Congrégation Bouddhique Zen Village des Pruniers (CBZ)&nbsp;pour soutenir la communauté monastique</li>
</ul>



<p>Votre relevé bancaire affichera deux débits et vous recevrez deux factures.</p>



<p>Note : Pour les retraites ayant lieu en 2025 jusqu’au 3 janvier 2026, les contributions sont reçues par la Communauté Bouddhique Zen du Village des Pruniers, l’association religieuse à but non lucratif loi 1901 qui opère nos activités depuis 1988-2025.</p>



<h3 class="wp-block-heading"><strong>Modes de paiement</strong></h3>



<p>Notre système de réservation en ligne accepte :</p>



<ul class="wp-block-list">
<li>Les paiements par carte bancaire (dans le monde entier)</li>



<li>Le prélèvement automatique européen (SEPA) pour les comptes bancaires européens</li>
</ul>



<p>Tous les paiements sont traités via la plateforme de paiement sécurisée Stripe. Nous ne conservons pas les données de paiement. En raison de la réglementation française stricte, nous ne pouvons accepter les espèces, les chèques ou les virements bancaires manuels pour les paiements de retraite.</p>



<h2 class="wp-block-heading">Politique d’annulation</h2>



<p>Afin de garantir un accès équitable pour tous et toutes, nous avons révisé notre politique d’annulation et ceci, pour encourager les participants à réserver une place, uniquement lorsqu’ils sont certain⸱es de pouvoir participer.</p>



<h3 class="wp-block-heading">Annulation par les participants</h3>



<p>Si vous devez annuler :</p>



<ul class="wp-block-list">
<li>28 jours ou plus avant l’arrivée&nbsp;: Remboursement intégral moins 100 € de frais administratifs et d’annulation</li>



<li>14 à 27 jours avant l’arrivée&nbsp;: Remboursement de 50 % après déduction des 100 € de frais administratifs non remboursables</li>



<li>13 jours ou moins avant l’arrivée&nbsp;: Aucun remboursement possible</li>
</ul>



<p>Nous recommandons vivement de souscrire une assurance voyage pour couvrir les frais d’annulation de retraite en cas de circonstances imprévues, y compris une maladie personnelle ou des urgences familiales.</p>



<p>Pour ceux qui viennent généreusement au Village des Pruniers pour aider en tant que bénévoles, les frais d’annulation sont de 25 € (pour couvrir les frais administratifs).</p>



<h3 class="wp-block-heading">Annulation par le Village des Pruniers</h3>



<p>Le Village des Pruniers se réserve le droit d’annuler une retraite en toutes circonstances. Si cela se produit, vous recevrez un remboursement intégral de tous les paiements effectués, y compris les frais administratifs.</p>



<p>Le Village des Pruniers n’accepte aucune autre responsabilité au-delà du remboursement des frais d’inscription à la retraite. Nous ne pouvons être tenus responsables des fonds dépensés pour des arrangements de voyage anticipés, tels que les billets d’avion et les visas. Nous recommandons vivement de souscrire une assurance voyage qui couvre cela.</p>
</details>
</div>



<p></p>



<p><strong>Plus d’informations pour mieux se préparer à venir pratiquer avec nous</strong>&nbsp;:</p>



<ul class="wp-block-list">
<li><a href="https://plumvillage.org/fr/retraites/informations-importantes/exemple-de-planning">Exemple du déroulement d’une journée</a></li>



<li><a href="https://plumvillage.org/fr/a-propos/village-des-pruniers/nos-hameaux">Informations sur nos hameaux</a></li>



<li><a href="https://plumvillage.org/fr/retraites/informations-importantes/hebergement-et-prix">Hébergement et contributions</a></li>



<li><a href="https://plumvillage.org/fr/retraites/informations-importantes/organisations-pratiques" target="_blank" rel="noreferrer noopener">Transport, comment se vêtir, que dois-je apporter et les repas</a></li>
</ul>

<p>Solide comme une Montagne, Libre comme un Nuage Sans solidité et liberté dans notre coeur, nous ne pouvons connaître le bonheur véritable. Thich Nhat Hanh Les Sœurs du Hameau Nouveau auront la grande joie d’offrir une Retraite Francophone du 3 au 10 avril 2026. Cette Retraite Francophone se déroulera uniquement au Hameau Nouveau et est</p>
